+ 2*n - j - 1871 = 0. What is the units digit of n?
9
Let u(l) = -2*l - 19. Suppose -3*v - 8 = 28. Let b be u(v). Suppose b*x - 425 = -5*r, x + 139 = -4*r + 476. What is the tens digit of r?
8
Let w = -13099 - -20558. What is the thousands digit of w?
7
Let o = -16512 + 24379. What is the tens digit of o?
6
Let h = 240 - 205. Suppose h*o = 45*o - 1960. What is the hundreds digit of o?
1
What is the tens digit of 383070/36 + (-95)/114?
4
Suppose 23*g = 27*g + 3*c - 18019, -8992 = -2*g + 2*c. What is the thousands digit of g?
4
Let y(h) = -h**2 - 2*h + 38. Let l be y(0). Let n = -33 + l. Suppose 3*z - 239 = 3*d - 2*d, z - 89 = n*d. What is the units digit of z?
9
Let q = -212628 + 300761. What is the ten thousands digit of q?
8
What is the ten thousands digit of ((-87747)/2)/(3/(-1)) + (-6420)/(-4280)?
1
Let n = 8630 + 8665. What is the tens digit of n?
9
Let t = -240 + 291. What is the hundreds digit of 61*(-34)/t*9*-1?
3
Let l = 58838 - 37120. What is the tens digit of l?
1
Suppose 3*d = 9*d - 342. Suppose -y = 4*p + d, -y + 5*p - 160 = 4*y. Let j = y - -40. What is the units digit of j?
3
Let p be (-12)/3 + 3 - -4 - -2067. Suppose 4*l + 750 = -2*h + p, 3*l + 5*h - 976 = 0. Suppose 9*q = 7*q + l. What is the hundreds digit of q?
1
Let u = -1954 - -5571. What is the hundreds digit of u?
6
Suppose 18 = 4*m + 5*s, -m + 10 = 2*m + 2*s. Suppose 2*t = w + 1031, 2*t + 4*w - 1018 + m = 0. Suppose 7*u = -129 + t. What is the units digit of u?
5
Let o(k) = -k**3 + 10*k**2 - 10*k + 11. Let r be o(9). Suppose 17 = -r*d + 355. What is the hundreds digit of d?
1
Let l(f) = 10*f**2 + 11*f + 33. What is the units digit of l(-7)?
6
Let k be 5/(-15) + (-8)/(-6) - -4. Suppose s = -5*c + 142, -k*s - 417 = -c - 1179. Suppose q - s = -81. What is the units digit of q?
1
Suppose -2*m = -2*g - 312, -4*g + 126 = -3*m + 598. Let t = 428 - m. What is the tens digit of t?
7
Let z(j) = -11 + 16*j + 19 - 4. What is the tens digit of z(10)?
6
Let q be 216/40 + (-4)/10 + -5. What is the units digit of ((-5)/(-2) + q)/((-4)/(-824))?
5
Let g(y) = y**3 - 34*y**2 + 12*y - 489. What is the tens digit of g(39)?
8
Suppose 5*n = 10*n + x - 10, -2*x = 0. Suppose n*b + 4*d - 2043 = d, 2*b - d - 2063 = 0. What is the hundreds digit of b?
0
Let j be (1 + 12)*(58 - -1). Suppose -1587 = -3*q + u, -3*u = 3*q + j - 2354. What is the tens digit of q?
2
Let b(n) = 5*n**2 + 3*n - 2. Let u be b(1). Suppose -u = -15*z + 24. Suppose -2*p + 202 = 5*v, -172 = -z*v - 2*v + p. What is the units digit of v?
2
Let f(d) = 89*d + 93. Suppose -54*w - 16 = -394. What is the hundreds digit of f(w)?
7
Suppose -2*a = -2*q - 4, -2*q + 7 = a + 2*q. Suppose -4*l + 2*s = -1018, -46*l + 51*l = -a*s + 1267. What is the tens digit of l?
5
Let i(r) = -2*r**2 - 28*r + 21. Suppose 4*l + j - 8 + 90 = 0, 0 = -5*l - 5*j - 110. Let x be i(l). Let g = x - -414. What is the tens digit of g?
9
Suppose 6204 = 92*b - 88*b. Let a = -875 + b. What is the tens digit of a?
7
What is the hundreds digit of 3/105*2 + 63301151/1645?
4
Let y(z) = 15*z - 9 - 20*z - 14*z. Let h be y(-10). Suppose 5*x + 0*x + 3*g = 931, -h = -x + 2*g. What is the hundreds digit of x?
1
Let g(a) = 19876*a**2 + 36*a. What is the units digit of g(1)?
2
Let c(p) = -1944*p - 603. What is the units digit of c(-2)?
5
Suppose -3*w + 20 = 2*w. Let b(i) = -39*i - 77. Let k be b(-2). Suppose v = -4*t + 117, t - w = -k. What is the hundreds digit of v?
1
Let l(f) = -8*f**3 - 49*f - 81. What is the ten thousands digit of l(-11)?
1
Suppose 7 = -k + 10. Suppose -k*q = 10*q - q. Suppose -7*y + 83 + 1604 = q. What is the hundreds digit of y?
2
Suppose -5*z + 2*z - 9 = -q, 4*q - 4*z - 60 = 0. What is the units digit of q/(-81) + 7/(63/1802)?
0
What is the tens digit of (1 - -133)*4728/48?
9
Let c(j) = -j**2 - 10*j + 39. Let x be c(-13). Suppose -2*o - 3*w + 1990 = x, -2*o + 1325 = 4*w - 667. What is the units digit of o?
2
Suppose 0 = -2*p - 54 + 60. Suppose p*u = -5*x + 130, -3*x - u + 78 = u. Suppose -14*l = -x*l + 1116. What is the units digit of l?
3
Suppose -1992*j + 2014*j = 93412. What is the tens digit of j?
4
What is the hundreds digit of 40504*(-4)/(-52) + 296/962?
1
Let l = 679 - 665. Suppose 19*m - 4*p - 2548 = l*m, -3*m + p + 1533 = 0. What is the tens digit of m?
1
Suppose -5*b + 6 = -4*b. Suppose v = -3*v + b*v. Suppose 4*n - 236 - 260 = v. What is the hundreds digit of n?
1
Let m(n) be the third derivative of n**6/120 + n**5/60 - n**4/8 + 2*n**3/3 - 8*n**2. Let d be m(2). What is the units digit of 3*33 + (15 - d)?
4
Suppose 62*c + 60*c - 1263249 = -55*c. What is the thousands digit of c?
7
Let h(k) = 6*k**2 - 3*k + 9. Let z be h(6). Suppose -11*m = -2*m - z. Suppose 0 = 8*w - 33 - m. What is the units digit of w?
7
Let i be 9782/(-6) - (10/6)/(-5). Let t = i - -2654. What is the hundreds digit of t?
0
Let d = -202 + 135. Let l be -8*d/(-10)*(-250)/20. Suppose 8*n + l = 13*n. What is the hundreds digit of n?
1
Suppose 4*i + 14 = 2. Let j be 25/(-10) - 102/4. What is the units digit of (j/12 - -1)/(i/144)?
4
Let f = -1089 + 2168. What is the tens digit of f?
7
Suppose -3*x = 5*f - 100602 - 51379, -2*x - 3*f = -101320. What is the thousands digit of x?
0
What is the hundreds digit of (-1 - 24939/17)*(-10 - 2)?
6
Let v = 278 + -115. Let c = 321 - v. Suppose -232 = -10*k + c. What is the units digit of k?
9
Suppose 3*o - 3*o - 9220 = -2*o. What is the tens digit of o?
1
Let k(l) = -l**3 + 14*l**2 - l + 19. Suppose 3*r = 2*n + 46, 2*r - n = 19 + 11. Let h be k(r). Suppose 507 + 83 = h*v. What is the hundreds digit of v?
1
Let k(r) = 4*r - 14. Let y be k(2). What is the units digit of y/(-9)*(6 - -480)?
4
Let q(u) = -4*u + 57. Let f be q(13). Suppose 4*h - 7*h = -3*a - 30, 2*a = f*h - 50. Suppose h = -4*p - 10, n = 3*p + 165. What is the units digit of n?
0
Let k = 415 + -410. Suppose -k*c + 15 = 0, -2301 = -4*o - 2*c + 477. What is the tens digit of o?
9
Suppose 0 = a - 5*v + 3*v - 2569, 3*a + v = 7707. Suppose -3*h + 2*d = -a, 2*h - 5*d + 879 = 3*h. What is the tens digit of h?
5
Suppose 0 = 5*z + 10, -4*z - 223 + 2419 = 4*l. Let q = l + -154. What is the hundreds digit of q?
3
Let k = 781 - -2527. What is the tens digit of k?
0
What is the thousands digit of (5 - (-112)/(-24))*7509?
2
Suppose 2*t = 5*d - 0 + 6, -5*d - 14 = 2*t. What is the hundreds digit of (11/((-55)/20))/(d/149)?
2
Let j = 40 - 40. Suppose -4*c + 3*a + 0*a + 535 = j, 0 = 3*c - 2*a - 401. Let v = c - 63. What is the tens digit of v?
7
What is the tens digit of (-13 + 8 - -7)*((4846 - -2) + -2)?
9
Let o(m) = -4*m**3 - 33*m**2 - 54*m - 4. What is the units digit of o(-14)?
0
Suppose -3663 = -8*n + 15730 - 2777. What is the hundreds digit of n?
0
Suppose -2*i = n - 9821 + 237, -4*n - 3*i = -38331. What is the thousands digit of n?
9
Let y(m) = 17*m - 68. Let f be y(4). Suppose f = 919*z - 917*z - 4. What is the units digit of z?
2
Let g = 33 + -24. Suppose 0 = -c + 1 - g. What is the units digit of -2*(28/c + 0)?
7
Let p = -37 - -63. Let c(l) = 9 - p - 10*l + l**2 + 16. What is the tens digit of c(-7)?
1
Let t be (-2)/(-8) - (-3 - 26/(-8)). Suppose 4*d - 2661 = -v, t = 2*d - 3*d + 2*v + 672. What is the tens digit of d?
6
Suppose 0 = 4*f + 12 - 24. Let c be 4/(-1)*(f + 1062/(-4)). Suppose -c = -14*r + 4*r. What is the tens digit of r?
0
Let k(z) = -816*z - 651. What is the thousands digit of k(-13)?
9
What is the hundreds digit of (-32)/128 + 16817/4?
2
Let r = -183 - -399. Suppose 4*k - 914 = -3*f, 2*f - 386 = k + r. What is the hundreds digit of f?
3
What is the thousands digit of (-367902)/(-30) - (-30)/(-75)?
2
Suppose 6092 = -11*w + 317. What is the units digit of (-296)/10*w/30?
8
Let w(z) = -5*z**3 + 9*z**2 - 16. Let j(g) = -g**3 + g. Let r(n) = -4*j(n) + w(n). What is the tens digit of r(5)?
6
Let b = 10521 - 3086. What is the units digit of b?
5
Let s = -10817 + 16566. What is the hundreds digit of s?
7
Let k = -171 + 173. Suppose 0 = -24*b + k*b + 13046. What is the tens digit of b?
9
Let q = -4565 - -4569. Let f(z) = 3*z**2 - z - 1. Let i be f(-1). Suppose -4 = q*u, 0 = -i*b - 5*u + 232 + 24. What is the tens digit of b?
8
Let s = -213 + 233. Suppose -8*y + 5264 = s*y. What is the units digit of y?
8
Let b = 17511 + -16722. What is the hundreds digit of b?
7
Let u(v) = 8*v + 48. L